d by p?
12
Suppose -2*c + 5*m = -368, 0 = -2*m + 5 + 3. Calculate the remainder when c is divided by 14.
12
Let l be (12/(-5))/((-6)/(-20)). Let k = -31 - l. Let h = k - -82. Calculate the remainder when h is divided by 15.
14
Let h = 169 + -144. What is the remainder when 573 is divided by h?
23
Suppose 3*c = -4*r + 106, -5 + 205 = 5*c + 2*r. Suppose -52 = -6*k + 4*k. Calculate the remainder when c is divided by k.
16
Let o(p) = -p**2 + 7*p + 11. Let v be o(8). Suppose 5*h = v*h + 44. What is the remainder when 61 is divided by h + -1 - 5/(-5)?
17
Let f(g) = 8 + 44*g + 25 - 45*g. Calculate the remainder when 48 is divided by f(8).
23
Let o = -7 + 18. What is the remainder when o is divided by 8?
3
Let i(z) = 2*z**2 + z**3 - 6*z**2 - 2*z + 0*z + 5 - 4. Suppose -3*y - 138 = -6*y. What is the remainder when y is divided by i(5)?
14
Let m = 22 + 22. Suppose m = 5*j + 4*n - 16, 3*j = -2*n + 36. Calculate the remainder when 22 is divided by j.
10
Let z(y) = y**2 - 10. Suppose 6*v + 244 = 4*x + 2*v, -2*x = -4*v - 132. Suppose -x = -2*f - 2*f. Calculate the remainder when z(8) is divided by f.
12
Suppose -k + 3*r + 28 = 0, 10*k - 5*k - 2*r = 140. Suppose -2*l + k = -22. Suppose 6*c = c + l. Calculate the remainder when c is divided by 4.
1
What is the remainder when 15202/77 - ((-33)/21 + 2) is divided by 33?
32
Let f = 98 - 35. What is the remainder when f is divided by 17?
12
Let t(g) = -g**2 + 11*g + 98. What is the remainder when 141 is divided by t(-4)?
27
Let n = -190 - -251. Calculate the remainder when n is divided by 7.
5
Let p be 3 + 0 + 1 + 0. Let g be p + -1 - 45/(-5). Let a = 21 - g. What is the remainder when a is divided by 5?
4
Let g(k) = 4*k**3 - 7*k**2 - 8*k - 3. What is the remainder when g(4) is divided by 22?
21
Let c(v) = -6*v + 8. Let l be c(8). Let z = -30 - l. What is the remainder when -12*3/((-12)/13) is divided by z?
9
Let f(l) = l**3 + l**2 - 5*l + 4. Suppose -8*y + 37 = -19. Calculate the remainder when f(3) is divided by y.
4
Let h(j) = j**2 + 18*j + 14. Let p = 106 + -124. Calculate the remainder when 23 is divided by h(p).
9
Suppose 21 = -6*d - 15. Let h(j) = -j + 3. What is the remainder when 61 is divided by h(d)?
7
Suppose 2 = -2*b + 8. Suppose b*i = -0*i + 51. Let d = 11 + 36. What is the remainder when d is divided by i?
13
Let p(s) = 17*s**2 - 7. What is the remainder when 181 is divided by p(-2)?
59
Let k = 580 + -530. Let n = -29 + 65. Let q = k - n. Calculate the remainder when 41 is divided by q.
13
Let l(h) = h**3 + 5*h**2. Let x be (-583)/(-13) - (-6)/39. Let g = x - -16. What is the remainder when g is divided by l(-4)?
13
Calculate the remainder when -7 - (51/(-12))/(8/448) is divided by 39.
36
Suppose 0 = w - 2*w + 1. What is the remainder when 53/1 + w + -1 is divided by (-20)/(-8)*(-31)/(1085/(-196))?
11
Let m = -219 - -247. Calculate the remainder when 62 is divided by m.
6
Let i = 139 + -115. Calculate the remainder when 43 is divided by i.
19
Suppose 0 = 2*v + 5 - 1. Let h = 7 + v. Calculate the remainder when 7 is divided by h.
2
Suppose -3*w - 195 = -4*k, -111 = 5*k - 7*k - 3*w. Calculate the remainder when 558 is divided by k.
48
Suppose 0 = 2*j - 3*n - 69 + 9, 90 = 3*j + n. Calculate the remainder when j is divided by 17.
13
Let u(f) = 62*f**2 + 20*f - 29*f**2 - 31*f**2 - 35. What is the remainder when u(-13) is divided by 23?
20
Let q be -20*(-4)/16*1. Suppose 0 = -q*x + 27 + 8. Suppose x*d - 4*d = 66. Calculate the remainder when d is divided by 12.
10
Let p = 267 - 223. Calculate the remainder when 132 is divided by p.
0
Suppose 3*p = 57*p - 1026. Calculate the remainder when 427 is divided by p.
9
Let f(o) = o**2 - 20*o - 8. What is the remainder when 112 is divided by f(21)?
8
What is the remainder when 199 is divided by 4/6 + 8/(-3) - -69?
65
Suppose -7*i + 61 = -6*i. What is the remainder when i is divided by 23?
15
Let c be -3 + (-110)/(-15) + 2/3. Suppose c*q + 30 = 1065. Calculate the remainder when q is divided by 30.
27
Suppose 0 = 33*n - 847 + 319. Calculate the remainder when 619 is divided by n.
11
Let k(v) = -v**2 - 4*v + 10. Let z be k(-5). Suppose -86 = -z*a + b + 2*b, -26 = -a + 5*b. Calculate the remainder when ((-90)/(-4))/(1/2) is divided by a.
13
Suppose -23*r + 32*r = 801. Let h(b) = -4*b**3 + 3*b**2 + 6*b**3 - 7*b**2 - 1 + 2*b. What is the remainder when r is divided by h(3)?
20
Let d(j) = 22*j - 2. Let u be d(-1). Let t = 29 + u. Calculate the remainder when 18 is divided by t.
3
Let m be 1 + -2*6/(-4). Suppose -3*x - 4*o = 14, -2*o - m = x + 2. Calculate the remainder when x - -94*(-2)/(-4) is divided by 23.
22
Suppose 2*g + 4*d = 3*d + 7, 5*d = 5*g - 25. Suppose -3*t - g*k + 46 = -0*t, -5*k = 4*t - 63. Calculate the remainder when 65 is divided by t.
21
Suppose 3*w + w - 8 = 4*l, 0 = -3*l + 4*w - 8. What is the remainder when 18 is divided by (-9 + 2)*(-1 + l)?
4
Suppose 4*r = -5*t + 7*t + 134, t = 4*r - 133. Calculate the remainder when r is divided by 12.
9
Suppose -20*c + 141 = -239. What is the remainder when 22 is divided by c?
3
Let l(h) = 2*h**2 - 26*h - 2. Let y be l(16). Let m = y - 82. What is the remainder when 34 is divided by m?
10
Let q = -24 - -147. What is the remainder when q is divided by 18?
15
Let y(j) = -j**3 - 3*j**2 + 62*j + 277. What is the remainder when 762 is divided by y(-5)?
14
Let i = -12 - -14. Suppose 3*t - 16 = -i*j + 5*t, -2*t - 37 = -5*j. Let k(u) = u**3 - 6*u**2 + u + 2. What is the remainder when k(j) is divided by 15?
13
Let o = 89 + 132. What is the remainder when o is divided by 19?
12
What is the remainder when 366 is divided by (0 - 7 - -11)*(-1 + 9)?
14
Suppose -x - 126 = -30*q + 26*q, -2*q + 66 = x. Suppose -318 = -n - i, -961 = -3*n + 3*i + i. What is the remainder when n is divided by q?
31
Let o(r) = -r**3 + 5*r**2 + 128*r - 9. What is the remainder when o(13) is divided by 18?
15
Suppose -u + 11 = -35. What is the remainder when u is divided by (-174)/(-7) + (-108)/126?
22
Let s(p) = -97*p + 864. What is the remainder when s(6) is divided by 75?
57
Suppose 4*s + 0*s - 196 = -2*j, -2*j + 5*s = -178. Calculate the remainder when j is divided by 44.
6
Let a = 759 - 728. Calculate the remainder when 833 is divided by a.
27
Suppose -3*h + 56 = 2*k, k + 4*h = 7*h + 28. Calculate the remainder when k is divided by (-2996)/(-196) - (1/7)/(2/4).
13
Let d(p) = -8*p - 9. Let a be d(5). Let s = -20 - a. Let v(b) = -43*b - 2. Calculate the remainder when v(-2) is divided by s.
26
Let f(a) = a**2 + 10*a + 13. Calculate the remainder when 72 is divided by f(-12).
35
Let h = -60 + 81. What is the remainder when 124 is divided by h?
19
Let a = 347 + -325. What is the remainder when 482 is divided by a?
20
Suppose -103 = -5*k + 227. Let c be k/8 + 3/(-12). Let y = 12 - c. Calculate the remainder when 10 is divided by y.
2
Let s(g) be the third derivative of 5*g**4/12 - g**3/3 + 4*g**2. Let u = -12 - -13. What is the remainder when 29 is divided by s(u)?
5
Let n(q) = -q**3 + 5*q**2 + 2*q. Let z be n(-3). Let s = -40 + z. Calculate the remainder when s is divided by 14.
12
Suppose 0 = -3*l + 3*r + 153, 22*r - 258 = -5*l + 24*r. What is the remainder when 828 is divided by l?
48
Let h(i) = -i**2 - 18*i + 5. Suppose -3*r + 32 - 26 = 0. Suppose -3*a + c = 47, 5*a + 91 - 9 = -r*c. Calculate the remainder when h(a) is divided by 20.
17
What is the remainder when 3040 is divided by 55/660 - 406/(-24)?
14
Let u(y) = 2*y**3 - 2*y**2 - y - 6. Let v be u(3). Suppose -21 - v = -2*n. Let o = -99 + 193. What is the remainder when o is divided by n?
22
Let c = -13 - -19. Let v(f) = -2*f - 5. Let y be (-32)/8*(-5)/(-2). Calculate the remainder when v(y) is divided by c.
3
Let n be (-2)/(-8) + (-330)/8. Let x = -21 - n. What is the remainder when 58 is divided by x?
18
Let s = -1773 - -1781. Suppose 0 = -5*h - 3*o + 144, -4*h + 6*o - o + 130 = 0. Calculate the remainder when h is divided by s.
6
Suppose -h + 54 = 4. Let f(z) = 14*z + 3. Calculate the remainder when h is divided by f(1).
16
Suppose -3*v = -5*x + 15152, -5*x = 4*v - 9*v - 15160. What is the remainder when x is divided by 13?
12
Suppose -2*k + 5*f - 53 = 0, f + f = 2*k + 56. What is the remainder when 54 is divided by 1/(-4) + 1 + k/(-4)?
6
Calculate the remainder when 18 is divided by 